What is the highest common factor of a and c?
6
Let k = 52 + -25. Suppose -102 - 186 = -8*r. Calculate the greatest common divisor of r and k.
9
Suppose -136 = 16*l - 20*l. Suppose 0 = l*n - 30*n - 156. What is the highest common factor of 78 and n?
39
Suppose 81 = 11*h - 8*h. Let k = 55 - 37. What is the highest common divisor of h and k?
9
Let g(c) = c**3 + c + 38. Let d be (-16)/(-9) - (-10)/45. Suppose -3*j = d*j. Let u be g(j). Calculate the highest common divisor of 19 and u.
19
Let y = -1437 + 1457. What is the greatest common divisor of 135 and y?
5
Suppose -3*m + 2*m + 35 = -4*u, -4*u - 80 = -4*m. Let q be ((-7)/(-196)*14)/((-1)/(-10)). What is the greatest common factor of m and q?
5
Let l = 328 + -296. Calculate the highest common divisor of l and 40.
8
Let x = 628 + -593. Suppose -3*n - 8*d = -3*d - 48, 0 = -4*n + d + 87. Calculate the highest common factor of x and n.
7
Suppose 0 = c + c + 2*f - 156, c - 2*f = 78. What is the highest common divisor of 429 and c?
39
Suppose 0 = 2*y + 6, 0 = 4*r - 47*y + 49*y - 514. Calculate the highest common divisor of r and 39.
13
Let p be 9 + 112 - 1*-4. What is the greatest common divisor of 75 and p?
25
Suppose -10*v + 720 - 500 = 0. What is the greatest common divisor of v and 14?
2
Suppose -63*h + 170520 = 35*h. What is the highest common divisor of h and 116?
116
Let m be (-23)/(-2) + (-1)/(-2). Let d be (-1)/(-4) - ((-309)/m + 2). Suppose -3*z - 30 = -8*z. What is the highest common factor of z and d?
6
Let d = 38 + -30. What is the highest common divisor of d and 56?
8
Let z(x) = 2*x**3 - 2*x**2 + 2*x - 3. Let o be z(3). Suppose 2*j - 78 = -5*g, o = j - 3*g + 4*g. Calculate the highest common divisor of 26 and j.
13
Let z = -29 - -31. Let c(v) = 4*v - 1. Let g be c(z). Calculate the highest common factor of g and 56.
7
Let u be (1500/120)/((-1)/(-2)). Let z = 17 - 7. What is the highest common factor of u and z?
5
Let u = -2 - -4. Suppose 90 = 15*d + 30. Suppose -d*s = 3*h - 29 + 9, 5*s - 3 = -h. What is the highest common factor of u and h?
2
Let v = 10 - -8. Calculate the greatest common factor of v and 342.
18
Suppose -3*m - t + 31 = 0, -55 = -7*m + 2*m - t. Let z be (-7)/(-4)*4 - 4 - -21. Calculate the greatest common divisor of m and z.
12
Let h = 55 + -46. Let b = h + 81. Calculate the highest common divisor of 9 and b.
9
Let r = 20 - 18. Suppose r*l = -2*l + 24. Suppose -4*u - 48 = -l*b + 2*b, 4*b - 3 = -5*u. Calculate the highest common divisor of 14 and b.
7
Let g = 57 - 1. Suppose 3*l + 33 = 3*s, 0 = -5*s - l - 0*l + 37. What is the greatest common divisor of g and s?
8
Let t be (-1 + -3)*(-23 + 5). Suppose j + t = 2*j. What is the highest common factor of j and 9?
9
Suppose 17 - 7 = 5*l. Suppose 0 = -11*y + 5 + 171. Calculate the greatest common divisor of y and l.
2
Suppose 0*d + 72 = 3*d. Let w be 9 - ((-12)/(-10) - 15/75). What is the highest common divisor of d and w?
8
Suppose -447 = -4*v - 167. Let x be v + 54/45*(-10)/(-6). Suppose -2*d - 3*y = -y - 6, 5*d + 2*y - 30 = 0. Calculate the greatest common divisor of d and x.
8
Let r(o) = -29*o - 91. Let v be r(-23). Calculate the greatest common divisor of v and 48.
48
Let p be ((-16)/14)/(4/14*-1). Let y be (p/16*-6)/((-1)/20). What is the highest common factor of 20 and y?
10
Let d = -2 + 7. Let u be 201/d + 4/(-20). Let g be (6/(-4))/((-15)/80). Calculate the highest common divisor of g and u.
8
Let w(o) = o**3 + 8*o**2 - 9*o + 10. Let j be w(-9). Let y be ((-36)/42)/((-2)/14). Let l be y/(4*6/320). What is the highest common factor of j and l?
10
Let l = -323 - -329. Calculate the highest common factor of 94 and l.
2
Let b(c) = -c**3 + 21*c**2 + 10*c - 1. Let s be b(21). Calculate the greatest common divisor of 11 and s.
11
Suppose 5*u - h + 90 = 0, 5*u = 2*u - 2*h - 41. Let m = -9 - u. What is the greatest common factor of m and 1?
1
Suppose 6*p - 2*q = 3*p + 136, 256 = 5*p + 4*q. Let t be 3954/33 - 5/(-165)*6. What is the highest common divisor of p and t?
24
Suppose 3*i + 9 = 54. Let u = -42 - -129. Let q = -57 + u. What is the highest common factor of i and q?
15
Let l(z) be the third derivative of z**6/120 - z**4/24 + 35*z**3/3 + 3*z**2. Let m be l(0). Let b = 57 - 29. What is the highest common divisor of b and m?
14
Let k(a) = -16*a - 4. Let j be k(6). Let w = 155 + j. Calculate the greatest common divisor of w and 5.
5
Suppose -8*u - 2275 = -21*u. Calculate the greatest common factor of 125 and u.
25
Let b = -740 + 1410. What is the highest common divisor of 10 and b?
10
Suppose 5*n = -20 - 40. Let r = n + 15. Let g be (-1)/(-3)*(r - -18). Calculate the highest common factor of g and 7.
7
Let h be 5*((-6)/(-5))/2. Let j = 175 - -670. Let t be (-8)/10 - 7/((-175)/j). Calculate the highest common factor of h and t.
3
Suppose -11*g = -58 - 52. Calculate the highest common divisor of 590 and g.
10
Let g be (2 + 1914/5)/((-2)/(-5)). Calculate the greatest common factor of g and 26.
26
Let k be ((-1)/(-2))/(2/104). Let z be 112/35*(2 + (-305)/(-10)). Calculate the greatest common factor of k and z.
26
Let g = -84 - -80. Let m be (g - 1)/5 - 61/(-1). What is the greatest common factor of m and 24?
12
Suppose 0 = 8*l + 3*l + 1441. Let n = l - -323. Calculate the highest common divisor of 24 and n.
24
Suppose -6*h - 13*h + 1501 = 0. What is the highest common divisor of h and 869?
79
Suppose -84*y - 540 = -93*y. What is the highest common divisor of y and 160?
20
Suppose 6*q - 376 = 2*q. Suppose -26*k = -28 - 3638. What is the greatest common divisor of q and k?
47
Let j = 107 - 70. Let a = j - -28. Calculate the greatest common factor of 26 and a.
13
Let m(k) = k**3 - k**2 - 1. Let i be m(0). Let l be (42 - -8) + 5/i. Calculate the highest common divisor of l and 18.
9
Let m(z) be the third derivative of 11*z**4/24 - 10*z**3/3 + 38*z**2. Let c be m(2). Calculate the highest common divisor of 38 and c.
2
Suppose -1 = -3*p + s, -2*p - 5*s = 1 - 30. Suppose 2*h = -h + 2*o + 86, -94 = -3*h - p*o. What is the highest common divisor of h and 20?
10
Let f = -18939 - -32055. Suppose 4*u + f = q, -u - 4*q = -0*q + 3296. Let h be u/(-25) - 8/(-10). What is the greatest common factor of 12 and h?
12
Suppose 9*z - 10 = 4*z. Suppose 4*t = 5*r - 126, 0*r - z*t = 2*r - 36. Let k = 27 - r. What is the greatest common divisor of 35 and k?
5
Suppose -z = 2*k - 6, k + 0 = -3*z + 13. Suppose 10 = z*h - 2. Suppose -h*o = -6*o + 42. Calculate the greatest common factor of 112 and o.
14
Let j = -35 + 38. Suppose j*a = -2*a + 325. Suppose g + 52 = 5*g. Calculate the highest common divisor of g and a.
13
Suppose 0 = -2*m - 0*m - 28. Let v = -10 - m. Suppose 0 = -o + 3, -2*a + 4*o - 5 = -33. Calculate the greatest common factor of v and a.
4
Suppose 4*l - 5*s - 78 = -3*s, 2*s + 96 = 5*l. Suppose 9*o - 12*o = -270. What is the greatest common divisor of l and o?
18
Let v(a) = -4*a**2 + 20*a + 15. Let b be v(9). Let c = 169 + b. What is the greatest common divisor of c and 280?
40
Suppose 9 = -3*k - 0*k. Let h(o) = 9*o**2 - 3*o + 1. Let s be h(k). Suppose -11*j - 39 = -14*j. Calculate the greatest common divisor of j and s.
13
Suppose 0 = -5*i - 4*g + 433, 423 = 5*i - 5*g + 4*g. Let x be -2 + (-1*4 - 46/(-2)). What is the highest common factor of x and i?
17
Let a(y) = 8*y**3 - 7*y**2 + 6. Let j be a(3). What is the highest common factor of j and 265?
53
Suppose 6*v - 3 - 3 = 0. Let p be -6*8*(v - 3). Calculate the greatest common divisor of 12 and p.
12
Let a = 885 - 241. What is the highest common divisor of a and 92?
92
Let p = -4 - -20. Suppose v - 5*q = 61, -4*q + 18 = 2*v - 62. Let h = v - 30. Calculate the highest common divisor of h and p.
16
Let z(u) = 3*u. Let v be z(3). Let r be -2*(6/(-4) + -1). Suppose -2*t - 2 = 0, -r*t = 3*o - 0*t - 103. What is the greatest common divisor of v and o?
9
Suppose 0 = -2*j - 2*j - 3*k + 396, -3*j + 3*k + 318 = 0. Suppose -5*h + 3 + j = 5*n, 0 = -2*h + 4*n + 18. Calculate the highest common divisor of 187 and h.
17
Let t(w) = w**2 + 3*w - 17. Let u = -45 + 38. Let r be t(u). Calculate the highest common divisor of r and 55.
11
Suppose 19*v - 6100 - 56 = 0. What is the greatest common factor of 48 and v?
12
Let v = -33 - -38. Suppose -1 = -4*h + 7. Suppose 0*z = v*k - h*z - 12, -3 = k + 5*z. Calcula